2*o**3 + 44*o**2 - 216*o - 220. Give d(11).
66
Let q(s) = -9*s + 113. What is q(-39)?
464
Let u(t) = -t**2 - 2*t + 94. Calculate u(-11).
-5
Let n(v) = v**2 - 37*v - 307. Calculate n(44).
1
Let s(t) = 13*t**3 + 4*t**2 + 2*t - 3. What is s(2)?
121
Let l(r) = 22*r**2 - 126*r - 137. Calculate l(-1).
11
Let q(s) = -4332*s - 25991. What is q(-6)?
1
Let b(i) = -i**3 - 10*i**2 + 24*i - 46. Give b(-13).
149
Let w(x) = 106*x**2 - 630*x - 32. Determine w(6).
4
Let c(q) = 2*q**3 - 8*q**2 + 16*q - 10. Give c(2).
6
Let o(s) = -18*s + 924. What is o(47)?
78
Let b(l) = -33*l - 312. Calculate b(-6).
-114
Let f(a) = -a**3 + 32*a**2 - 142*a - 62. Give f(6).
22
Let a(c) = -c**2 + 107*c + 9345. Calculate a(164).
-3
Let p(j) = -249*j - 9727. Calculate p(-39).
-16
Let k(n) = -28*n - 465. Calculate k(-25).
235
Let n(j) = 26*j + 801. Determine n(-31).
-5
Let f(c) = -108*c - 620. Calculate f(-7).
136
Let h(t) = t**3 + 40*t**2 - 28*t + 540. What is h(-41)?
7
Let p(w) = -w**3 + 4*w**2 + 12*w - 44. Calculate p(3).
1
Let m(s) = 29*s - 55. Give m(2).
3
Let y(q) = q**3 - 14*q**2 + 25*q - 31. Determine y(12).
-19
Let g(q) = q**3 + 7*q**2 + 111*q + 382. Give g(-4).
-14
Let v(z) = -149*z - 11613. Give v(-78).
9
Let h(i) = -44*i + 314. Calculate h(13).
-258
Let o(d) = d**3 + 244*d**2 - 524*d - 7877. Calculate o(-246).
-5
Let h(x) = 6318*x + 6323. What is h(-1)?
5
Let n(x) = 61*x - 6. Give n(1).
55
Let u(a) = -2*a**2 + 47*a + 861. Calculate u(-12).
9
Let c(q) = -2*q**2 + 27*q + 29. Give c(-1).
0
Let s(x) = -5*x**2 - 33*x - 63. Calculate s(-4).
-11
Let k(t) = 77*t + 373. Give k(-5).
-12
Let b(r) = -2084*r - 22911. Give b(-11).
13
Let h(x) = -2*x**3 + 5*x**2 - 8*x + 39. Calculate h(4).
-41
Let o(g) = -3*g**2 + 35*g - 1. Determine o(-5).
-251
Let r(b) = -b**3 + 30*b**2 - 30*b + 40. What is r(29)?
11
Let t(h) = 10*h**2 + 43*h. What is t(-2)?
-46
Let n(g) = -10*g + 1. Give n(-13).
131
Let s(g) = g**2 + 21*g + 121. Determine s(-12).
13
Let v(a) = -7*a + 93. Give v(16).
-19
Let v(m) = -3*m**3 - 82*m**2 - 97*m + 186. Give v(-26).
4
Let d(w) = w**3 + 37*w**2 + 114*w + 9. What is d(-33)?
603
Let n(g) = 2*g**2 - 103*g - 56. What is n(52)?
-4
Let s(z) = z**3 + 34*z**2 - 22*z - 737. What is s(-34)?
11
Let s(z) = -z**3 + 65*z**2 - 49*z - 1006. What is s(64)?
-46
Let a(q) = 2*q**2 + 27*q + 10. Give a(-2).
-36
Let k(i) = i**3 - 15*i**2 + 13*i + 8. Give k(14).
-6
Let i(t) = 1247*t - 16229. What is i(13)?
-18
Let c(w) = 10*w**2 + 56*w + 169. Give c(-3).
91
Let v(k) = -2*k**3 + 68*k**2 - 196*k + 1. Calculate v(3).
-29
Let q(o) = 145*o + 66. Determine q(-3).
-369
Let o(b) = -2*b**3 - 202*b**2 + 206*b + 189. What is o(-102)?
-15
Let j(y) = 68*y - 559. Calculate j(9).
53
Let c(w) = 2*w**3 - 116*w**2 + 3*w + 94. Calculate c(58).
268
Let p(j) = j**3 + 35*j**2 + 268*j + 16. What is p(-11)?
-28
Let m(p) = 13*p**3 - 131*p**2 - 2*p + 42. Calculate m(10).
-78
Let u(n) = 2*n**3 + 88*n**2 + 2*n - 17. What is u(0)?
-17
Let h(u) = -4*u**3 - 100*u**2 - 51. Calculate h(-25).
-51
Let i(c) = 186*c - 2779. Determine i(15).
11
Let w(v) = 5*v**2 - 28*v - 1904. Calculate w(-17).
17
Let m(a) = -43*a + 4229. Determine m(99).
-28
Let t(r) = r**3 + 21*r**2 + 22*r + 108. Calculate t(-20).
68
Let v(z) = 4*z**3 + 68*z**2 - 6*z - 97. Give v(-17).
5
Let f(h) = 686*h + 3439. What is f(-5)?
9
Let p(q) = q**3 + 65*q**2 + 81*q + 1085. Calculate p(-64).
-3
Let b(s) = s**3 - 33*s**2 - 150*s + 68. Calculate b(37).
-6
Let y(s) = 3*s**2 + 27*s - 186. What is y(-14)?
24
Let x(o) = -454*o + 5918. Determine x(13).
16
Let d(o) = -4*o**2 + 103*o - 94. Give d(27).
-229
Let x(k) = -2*k**2 + 7*k + 132. Determine x(10).
2
Let t(g) = -716*g - 1417. Give t(-2).
15
Let y(v) = v**2 + 42*v - 15. What is y(9)?
444
Let b(p) = p**3 - 12*p**2 - 4*p - 26. Determine b(13).
91
Let q(n) = 2*n**2 - 7*n - 655. Determine q(20).
5
Let g(v) = 15*v - 3. Calculate g(11).
162
Let a(v) = -151*v + 1659. Calculate a(11).
-2
Let x(s) = -1106*s**2 - 1111*s - 1. Calculate x(-1).
4
Let p(u) = -u**2 + 24*u + 68. Determine p(23).
91
Let j(v) = 553*v - 2220. Determine j(4).
-8
Let b(z) = -z**3 - 17*z**2 - 166*z - 4511. Calculate b(-20).
9
Let k(x) = x**3 + 18*x**2 + 73*x - 17. Calculate k(-10).
53
Let w(s) = 1018*s - 8144. Give w(8).
0
Let j(o) = o**3 - 21*o**2 - 8*o - 31. Give j(21).
-199
Let n(k) = -3*k**3 + 4*k**2 - 35*k + 21. Calculate n(8).
-1539
Let z(i) = i**3 + 5*i**2 - 28*i + 29. Calculate z(-9).
-43
Let z(f) = -2*f**3 - 11*f**2 - 13*f - 88. Give z(-6).
26
Let v(a) = -a**2 + 15*a - 1. Give v(3).
35
Let a(k) = 123*k**2 + 2*k + 2. What is a(-1)?
123
Let x(u) = 77*u - 1058. What is x(17)?
251
Let y(x) = -2*x**2 - 247*x + 494. Determine y(2).
-8
Let b(k) = -275*k - 1897. Calculate b(-7).
28
Let c(d) = 6*d**3 + 5*d**2 - 42*d + 37. What is c(1)?
6
Let g(q) = 309*q - 23177. What is g(75)?
-2
Let v(s) = -3*s**3 - 41*s**2 + 7*s + 4. What is v(-14)?
102
Let v(z) = -4974*z - 19907. Determine v(-4).
-11
Let q(f) = -4*f**2 + 115*f - 524. Calculate q(5).
-49
Let d(c) = c**3 + 6*c**2 + 14*c + 277. What is d(-9)?
-92
Let r(i) = 2*i**3 + i**2 - 24*i + 16. Give r(-4).
0
Let p(m) = -2*m**3 - 64*m**2 + 226*m + 553. Determine p(-35).
-7
Let m(o) = -11*o**2 + 18*o + 275. Calculate m(6).
-13
Let l(b) = -b**3 - 15*b**2 - 2*b + 5. Calculate l(-13).
-307
Let w(b) = -b**3 + 18*b**2 - 59*b + 12. What is w(12)?
168
Let o(r) = -r**3 + 18*r**2 + 12*r - 352. Determine o(17).
141
Let k(w) = -w**3 - 6*w**2 - 10*w - 19. Calculate k(-3).
-16
Let h(i) = -6*i**2 - 34*i - 44. Calculate h(-4).
-4
Let p(v) = -15*v - 18. Give p(-1).
-3
Let h(d) = -d**2 + 3*d + 188. Give h(17).
-50
Let j(o) = 412*o - 809. Calculate j(2).
15
Let j(d) = -4*d**2 + 187*d + 119. Determine j(48).
-121
Let p(x) = 572*x + 1152. Calculate p(-2).
8
Let l(i) = -26*i - 1201. What is l(-45)?
-31
Let a(o) = 2*o**3 - 123*o**2 + 181*o. What is a(60)?
60
Let l(m) = m**3 + 3*m - 6. Give l(2).
8
Let s(y) = -y**2 - 51*y - 507. Calculate s(-37).
11
Let q(l) = 3*l**2 + 25*l + 48. Give q(-7).
20
Let i(q) = 56*q + 502. Calculate i(-9).
-2
Let s(v) = v**2 - 106*v - 2961. Determine s(-23).
6
Let z(r) = -r**3 - 41*r**2 + 14*r + 16. Calculate z(-41).
-558
Let v(g) = g**3 - 18*g**2 + 69*g + 19. What is v(12)?
-17
Let d(p) = 1555*p - 3102. Calculate d(2).
8
Let c(i) = -2*i**3 - 70*i**2 + 80*i + 192. Give c(-36).
-96
Let m(s) = -8*s**3 - 8*s**2 - 14. Determine m(-4).
370
Let w(f) = f**3 + 36*f**2 - 136*f - 746. What is w(-39)?
-5
Let o(q) = 10*q**2 - 231*q + 36. What is o(22)?
-206
Let w(t) = t**3 - 9*t**2 - 28*t + 177. What is w(12)?
273
Let d(j) = -8*j**2 + 55*j + 456. What is d(-8)?
-496
Let z(g) = -6*g**3 + 30*g**2 + g - 12. Calculate z(5).
-7
Let m(v) = -47*v - 27. What is m(0)?
-27
Let z(q) = q**3 - 165*q**2 + 638*q + 967. Calculate z(161).
1
Let g(w) = 21*w**2 + 8*w - 72. What is g(6)?
732
Let h(p) = -p**3 - 13*p**2 + 194*p + 23. Determine h(9).
-13
Let c(u) = -7*u - 59. Calculate c(-3).
-38
Let w(t) = 57*t - 1194. Determine w(21).
3
Let z(m) = m**2 + 25*m + 144. Determine z(-15).
-6
Let f(q) = -63*q**3 + q**2 + 14*q - 32. Give f(2).
-504
Let z(m) = -5*m**2 - 31*m + 47. What is z(5)?
-233
Let t(a) = -2*a**3 - 301*a**2 + 1395*a - 27. Determine t(-155).
-27
Let b(c) = c**2 - 493*c + 8533. Calculate b(18).
-17
Let d(g) = 383*g - 13393. Determine d(35).
12
Let p(g) = 15*g - 176. What is p(4)?
-116
Let j(p) = -p**3 - 14*p**2 + 52*p - 22. Calculate j(-17).
-39
Let g(n) = 28*n - 1871. Determine g(79).
341
Let f(p) = 20*p - 61. Give f(0).
-61
Let d(r) = 44*r - 457. What is d(10)?
-17
Let b(o) = 48*o + 3481. What is b(-73)?
-23
Let f(q) = 173*q**2 - 6746*q - 18. Calculate f(39).
21
Let s(y) = -y**3 - y**2 + 17*y + 40. Determine s(-2).
10
Let z(n) = -n**2 - 39*n + 572. Give z(11).
22
Let c(p) = 796*p - 9553. Determine c(12).
-1
Let x(k) = 3*k**2 + 550*k + 1784. Calculate x(-180).
-16
Let n(l) = -2173*l - 15189. Give n(-7).
22
Let u(a) = -46*a + 375. Give u(10).
-85
Let q(w) = 862*w - 81894. Give q(95).
-4
Let u(h) = -226*h + 2832. Determine u(13).
-106
Let a(g) = 10*g**2 + 3*g - 5. Calculate a(2).
41
Let n(q) = -14*q**2 + 232*q - 493. What is n(14)?
11
Let q(o) = 412*o + 6112. Give q(-15).
-68
Let t(x) = 2*x**3 - 6*x**2 - 51*x + 2. What is t(7)?
37
Let y(r) = 11*r - 123. What is y(6)?
-57
Let d(t) = 29*t - 69. Give d(0).
-69
Let s(y) = -2*y**2 + 174*y + 2